 is o(q)?
-11
Let w(y) = -2*y + 1 - 2*y + 5*y. Suppose 5*r = 3*s + 4*r + 47, 67 = -4*s - 3*r. Let n = -11 - s. What is w(n)?
6
Let z(g) = 7*g**2 + g - g - 7*g + 3*g - 8*g**2. What is z(3)?
-21
Let p(y) = 30*y - 637. Let u be p(21). Let r be -2 + (-2)/(-1) - -13. Let n = r + u. Let f(i) = i + 2. What is f(n)?
8
Let x(w) = -w**2 - 5*w - 3. Let q be x(-5). Let p = 5 + q. Let f(n) be the first derivative of -n**4/4 + n**3/3 + n**2 - 2*n + 68. Calculate f(p).
-2
Suppose -2*f - h - 120 = 0, 2*f + 178 = -f - 2*h. Let p = 61 + f. Let s(v) = 2*v. Determine s(p).
-2
Let c(r) = 2*r + 10. Suppose 4*s - 3 + 23 = 4*m, -2*m + 14 = -4*s. Let d(a) = -1 - a + 0 - 1 - m. Let j(b) = 6*c(b) + 11*d(b). Calculate j(-4).
1
Let h = -2127 + 2125. Let f(v) = 0*v**3 + 3*v - 3*v**3 - 2 + 3. Calculate f(h).
19
Let h = -45 - -17. Let b = h + 23. Let s(l) = 3 + l**2 + 5*l + 0 - l + 2*l. Calculate s(b).
-2
Let t(m) = -3*m - 4. Let w(k) be the third derivative of k**4/24 + 9*k**2 - 3. Let o be w(-5). Calculate t(o).
11
Let h(y) be the second derivative of 1/12*y**4 + 5/2*y**2 + 0 + 12*y - 1/3*y**3. Calculate h(4).
13
Let o = 74 - 71. Let w be (o/4)/((-4)/(-32)). Let s(t) = -2*t + 8. Determine s(w).
-4
Let f(i) = -3*i**3 - 6*i**2 + 7. Let r(p) = -7*p**3 - 13*p**2 + p + 15. Let t(o) = -5*f(o) + 2*r(o). What is t(-3)?
-2
Let y be 2 + 4 - (2 - 0). Let a(b) = 4 - 1 - y*b + 2*b. Suppose 0 = 5*x - x + 12. Calculate a(x).
9
Let o(a) be the third derivative of a**6/120 + a**5/6 + 5*a**4/12 - a**3/6 - 9*a**2 - 6*a. Determine o(-9).
-10
Let r(w) = 5*w**3 + 6*w**2 + 4*w - 11. Let o(j) = -j**3 - j + 1. Let f(n) = -4*o(n) - r(n). Calculate f(-5).
-18
Let k(w) be the third derivative of -w**6/360 + w**5/24 + w**4/2 + 14*w**2. Let o(t) be the second derivative of k(t). Give o(5).
-5
Let v(n) = 2*n + 5. Let m = -151 - -157. What is v(m)?
17
Let b(w) = -3*w**2 - w**2 + w - w**3 + 3*w**2. Let g be b(-2). Let y = g - 6. Let s(l) = -l - 4. What is s(y)?
0
Let y(s) = -10*s + s**2 + 4*s + 2*s - 2 - 3*s. Suppose 2*u + r + 8 = 0, -u + 2*r - 2 = 2. Let c be -2*(14/u)/1. What is y(c)?
-2
Suppose -4*n - 19 = -3, -16 = -g + 5*n. Suppose 4*z - 5 = 3. Let j(w) = w - w - w + z*w. Calculate j(g).
-4
Let z(n) = -5*n - 1. Let t be z(-1). Suppose q = t, -5 - 7 = 2*m - 4*q. Suppose -4 = m*k - 6*k. Let r(u) = 3*u**3 + 2*u**2 - 2*u + 1. Calculate r(k).
4
Let c(w) = 9*w**3 + 17*w**2 + 18*w - 35. Let g(f) = 5*f**3 + 9*f**2 + 10*f - 18. Let u(x) = 4*c(x) - 7*g(x). What is u(-4)?
-6
Let c(n) = -1599 + 805 - 3*n + 801. Give c(6).
-11
Let t(b) be the second derivative of -b**4/24 - 2*b**2 - 43*b. Let a(n) be the first derivative of t(n). Let d = -8 - -3. Calculate a(d).
5
Let y(j) = -j**3 - j**2 + 2*j - 1. Let p(l) = l**3 - 6*l**2 + 3*l + 11. Let n be p(5). Give y(n).
-1
Let i(m) be the first derivative of -m**2/2 + m + 162. Let c(o) = o**3 - 8*o**2 - o + 7. Let y be c(8). Determine i(y).
2
Let p(r) = r**2 + 2142 + 2153 - 4303 - 9*r. Calculate p(7).
-22
Let c(z) = 2*z**2 - 8*z + 3. Let v be c(4). Suppose -2*x + 11 = l, -v*x - l + 14 = l. Let j(o) = -o**2 + 10*o - 9. Give j(x).
7
Suppose b - 6*b = -2*b. Let h(k) = -k**2 + k + 1. Calculate h(b).
1
Let f(a) = -a**3 - a**2 + a - 8. Let t(u) = u**3 + 4*u**2 - 2*u - 4. Let k be t(-4). Suppose -5*w + k*w = 0. Suppose -4*s = -w*s. What is f(s)?
-8
Let v(j) = 59*j + 3 - 37*j - 32*j. What is v(2)?
-17
Suppose -3*w - 2*w + 10 = 0. Let c(x) = 5*x + 6*x**2 - 2*x**2 - 6 - 4*x**2 + x**w. Give c(-5).
-6
Let m(b) = b**2 - 1. Let o(g) = -6*g + 2. Let v(d) = -7*d + 3. Let q(i) = -6*o(i) + 5*v(i). Let k(n) = -m(n) + q(n). Calculate k(-3).
-8
Suppose 5*q - 4 - 6 = 0, 4*y = 5*q - 34. Let g(z) = z + 12. Calculate g(y).
6
Suppose 170*p = 165*p - 5. Let k be (0 - p/2)/((-1)/(-4)). Let h(s) = s**3 - 2*s**2 + 4*s - 3. Give h(k).
5
Let l(j) be the third derivative of j**6/120 - 3*j**5/20 + j**4/6 - j**3 - 5*j**2 - 12*j. Calculate l(8).
-38
Suppose -5*w - 3*a = -5*a - 102, -4*a = 2*w - 60. Suppose 5*r + g - w = -1, 4*g = -r + 8. Suppose -r*f - 4 = -6*f. Let d(u) = -u**2 + 3*u - 2. Determine d(f).
0
Suppose -5*j + 8 = -4*b, -7 = 5*j + 2*b - 3. Let n(o) = j - 2 - 23*o + 7 + 21*o. Let w = -10 - -15. Determine n(w).
-5
Let g(f) = -2*f - 7. Suppose -48 + 48 = 22*m. Give g(m).
-7
Let q be 7 + 0 - 1 - 0. Let k = -1 - -4. Let i(d) = k + 2*d - 5 - d - 5. Determine i(q).
-1
Let i(x) = 2*x**2 + 10*x - 2. Let d(z) = -2*z**2 - 13*z + 3. Let f(p) = -3*d(p) - 4*i(p). Determine f(-2).
-7
Suppose 52 = -8*r - 4. Let j(w) = -w**2 - 4*w + 15. Determine j(r).
-6
Let y(v) = 5*v**2 - 33. Let f(n) = -n**2 - 2*n + 4. Let s(z) = -6*f(z) - y(z). What is s(-12)?
9
Let i(d) be the third derivative of -2/3*d**3 + 1/120*d**6 + 0*d - 1/12*d**4 + 9*d**2 + 0 + 1/15*d**5. Calculate i(-4).
4
Let m(j) = j**2 - j - 1. Let n be m(0). Let x(q) = -q + 2. Let l(r) = -7*r + 7. Let y(f) = n*l(f) + 3*x(f). Determine y(1).
3
Let p(u) = -5*u + 8. Let t(z) = 6*z - 9. Let l(w) = -5*p(w) - 4*t(w). Let j be -1 - (-10)/(1 - 0). Let q = j - 5. What is l(q)?
0
Suppose 0 = 2*q + 3*q + 20. Let o be 1/(3/(20 - q)). Let m = o + -15. Let n(t) = -t**2 - 6*t + 4. Determine n(m).
-3
Let n(x) = -x**3 + 4*x**2 + x + 5. Let o be 2/(-3)*(-36)/(-3). Let w be 2/o - (-34)/8. What is n(w)?
9
Let m(j) = -j - 6. Let l(g) = 2*g**2 + g - 14. Let o be l(3). Suppose o*u + 74 = 32. Calculate m(u).
0
Suppose -3*u - 4*r = 4, 5*u + r + 2*r = 8. Let w(d) = -71 - u*d + 39 + 34. Determine w(2).
-6
Let r(s) be the third derivative of 0*s - 32*s**2 + 7/24*s**4 - 7/60*s**5 - 1/120*s**6 - 3/2*s**3 + 0. Calculate r(-8).
-1
Let j(s) be the third derivative of -s**4/6 + s**3/2 - s**2. Let z(t) = -t**2 + 9*t + 19. Let y be z(8). Let m be y/6 - (-2)/(-4). What is j(m)?
-13
Let g(q) = -q**3 - 36*q**2 - 68*q - 7. Let k be g(-34). Let b(f) = f**3 + 7*f**2 - 3*f - 16. Calculate b(k).
5
Let u(o) = 1 - o + o - 2*o**3 - 2*o**2 + 2*o. Suppose -2 = -3*l - 4*h, -3*h + 16 = 10. Calculate u(l).
5
Let u(z) be the second derivative of 1/6*z**3 - 4*z - 1/20*z**5 + 0*z**4 + 0 + 3*z**2. Let h(g) = g - 3. Let r be h(3). What is u(r)?
6
Let y(v) = 4*v**2 + 1. Suppose -2*t = -3*q - 7*t + 2, -q - 3*t + 2 = 0. Calculate y(q).
5
Let g(z) be the second derivative of -z**3/3 - z**2/2 - 14*z. What is g(1)?
-3
Let d(a) = -81*a + 2 - 83*a + 166*a. Determine d(3).
8
Let l(k) = -5*k**3 - k**2 + 3*k + 8. Suppose 52 = 3*z - 16*z. Let d(p) = 4*p**3 - 3*p - 7. Let y(v) = z*d(v) - 3*l(v). Let f = -6 - -10. Calculate y(f).
0
Let i(f) be the first derivative of -f**2 + 3*f + 101. Suppose a = -a + 3*q + 2, 2*a + 2 = 5*q. Calculate i(a).
-5
Let g be 0 - ((-24)/(-4) - 3). Let f(l) = -2*l**3 - l**2 - 3*l - 1. Let t(c) = 9*c**3 + 2*c**2 + 13*c + 1. Let b(p) = 5*f(p) + t(p). What is b(g)?
2
Let a be (-2)/(-7) + -38*(-4)/56. Let f(t) = 3*t + 7 - t + 4*t - a*t. Let l(i) = -i**2 + 4*i + 7. Let b be l(6). Give f(b).
-8
Let g(c) be the third derivative of -c**4/24 - c**3/3 - 18*c**2. Let n be g(-6). Let y(q) = q**3 - 5*q**2 + 5*q - 6. Calculate y(n).
-2
Let m(h) = h + 13. Let f be m(-14). Let x(a) be the third derivative of -11*a**5/60 + a**4/12 + a**3/6 + 10*a**2 - a. Calculate x(f).
-12
Let t(x) = x**3 + x**2 + x + 5. Let k(d) = -3*d - 3. Let o be k(-2). Suppose -o = -4*n - 11. Let l be -2 - n*(4 - 3). What is t(l)?
5
Let i(s) = s + 23. Let y be 77*(-9)/(-63)*(-2 - -1). What is i(y)?
12
Let m(t) = -2*t - 2*t**2 + 2 - 2*t**2 - t**2 - t**3. Suppose 0*s + 7 = -3*s + 5*y, 2*y = 2*s + 6. Give m(s).
-6
Let n(y) = y**3 + y**2 - 2*y - 1. Suppose 5*s = 2*g + 4, 5*g - 7*s + 4*s + 10 = 0. Determine n(g).
-1
Let h(d) = 37 - d**3 + 3*d**2 - 7*d**2 + 2*d - 30. Calculate h(-5).
22
Let k(w) = -23*w - 12. Let a(d) = 11*d + 6. Let x(p) = -13*a(p) - 6*k(p). Let o(v) = -2*v - 2. Let c = -121 - -113. Let i(r) = c*o(r) + 3*x(r). Calculate i(1).
-1
Let s(h) = h**2 - 7*h + 11. Let l be s(7). Let f = -7 + l. Suppose -f*a = -3*o + 11, -5 = -4*o - o. Let m(j) = 4*j**2 + 3*j + 1. Give m(a).
11
Let a(s) = s**3 + s + 1. Let j(z) = 4*z**3 - 3*z**2 + 2*z + 10. Let c(u) = 3*a(u) - j(u). Calculate c(5).
-52
Suppose -3*x = -3*k + 5*k + 8, 0 = 2*k - 5*x + 24. Let s(d) = d**3 + 8*d**2 + 6*d + 2. Calculate s(k).
9
Let v(s) = 6*s**2 + 67*s + 10. Let t be v(-11). Let j(a) = -9*a + 1. Calculate j(t).
10
Let u(i) = 7*i - 1. Suppose 4*k = -5*p + 21, 0 = 3*p - k + 4*k - 15